4*a = 0. Calculate the highest common divisor of 77 and l.
7
Let k be (-1)/(-3) + (-564)/(-9). Let o be (-192)/(-9) - 1/3. Calculate the greatest common divisor of k and o.
21
Suppose v - 2*y = -0*v - 1, 0 = 4*v + 4*y - 44. Let l = 1 + -1. Suppose -u + l*u = -56. Calculate the highest common factor of v and u.
7
Suppose 2*f + 24 = 6*f. What is the highest common factor of f and 15?
3
Let i be 6/9*3*-2. Let m be 1707/21 + i/14. Suppose -4*w + 15 = -21. Calculate the highest common divisor of w and m.
9
Suppose q + q = 4*m - 1926, -2*q = 2*m - 978. What is the highest common divisor of 44 and m?
44
Let y(i) = -i**3 + 15*i**2 + 9. Let z be y(15). Calculate the greatest common factor of z and 99.
9
Let z = -17 + 21. Suppose -4*x = -z*q - 0*q - 92, -3*x + q + 71 = 0. What is the greatest common divisor of 16 and x?
8
Suppose -4*f = -12, -4*s + 0*f + 5*f + 65 = 0. What is the highest common factor of s and 40?
20
Let a = 60 - 131. Let j = -35 - a. What is the greatest common divisor of j and 12?
12
Suppose 2*v = -l + 96 + 250, -15 = -5*v. Suppose -5*n + l = -155. Let c = n - -13. What is the highest common factor of c and 16?
16
Suppose 2*j - h - 38 = 4*h, 108 = 4*j - 2*h. Suppose 3*s - j = k + k, 2*s = 3*k + 21. What is the greatest common divisor of s and 99?
9
Let x(j) = 3*j**2 + 4*j - 5. Let y be x(-4). Calculate the highest common factor of 108 and y.
27
Suppose -51 = -2*y + 3*g, 3*g + 2 = -5*y + 98. What is the greatest common factor of 168 and y?
21
Let o be 3 + -2 - (0 - 9). Let c = 229 - 139. Calculate the highest common factor of c and o.
10
Suppose -3*x + 31 + 19 = q, -4*x + 92 = -5*q. Calculate the highest common factor of 36 and x.
18
Let d = -3 - 44. Let j = 33 - d. Let v(h) = h + 5. Let r be v(5). Calculate the highest common divisor of j and r.
10
Suppose 0 = -2*q - 3*s - 17, 5*s + 25 - 2 = -2*q. Let j be 9/(-2)*(-4 + q). Calculate the highest common factor of j and 24.
12
Let n = 19 - 25. Let b = n + 11. What is the highest common divisor of 30 and b?
5
Let n = 205 - 77. What is the greatest common divisor of n and 32?
32
Let l(y) be the third derivative of y**5/30 - y**3/6 - y**2. Let p be l(1). Calculate the greatest common factor of p and 5.
1
Suppose -4*h + o - 4*o - 75 = 0, -2*h + o = 25. Suppose 83 + 51 = -l. Let u be h/(-25) - l/10. What is the greatest common factor of 154 and u?
14
Let l(m) = 2*m**2 + 6*m - 2. Let d be l(-5). Suppose j + 126 = 2*j. Calculate the greatest common divisor of d and j.
18
Let k(j) = j**2 - 7*j + 8. Let p be k(6). Let d be (-397)/(-5) - (-2)/(-5). Suppose 31 = p*r - d. What is the highest common divisor of r and 22?
11
Let q(d) = 6*d**2 + 5*d - 2. Let s be q(4). What is the highest common divisor of s and 38?
38
Suppose -2*u - v = -13, 84 - 24 = 5*u - 3*v. Suppose -4*i + 5*i = 81. Calculate the greatest common divisor of i and u.
9
Let s be 1 + 30 + (-8)/40*0. What is the greatest common factor of s and 31?
31
Suppose -9 = m - 0*m. Let u(c) be the second derivative of -c**3/2 - 6*c**2 - 2*c. Let s be u(m). What is the greatest common factor of s and 15?
15
Suppose 0 = 7*j + j - 16. Calculate the greatest common factor of 10 and j.
2
Let p be (-26 + 0)*2/(-4). Suppose 3*u = -1 + p. Let x be (8/3)/(u/24). Calculate the highest common factor of 2 and x.
2
Let v = -22 + 26. Suppose 2*r + 0*r - 56 = 0. Calculate the highest common divisor of v and r.
4
Let n(y) = 17*y + 4. Let v be n(4). What is the highest common factor of v and 9?
9
Let d(j) = 2*j**2 + 7*j + 10. Let i be d(-4). What is the highest common factor of i and 42?
14
Suppose -2*f + 180 = f. Suppose -f = -3*u + 4*a, 3*u + 8*a - 60 = 3*a. What is the greatest common divisor of 180 and u?
20
Let y be -4 - -21 - (-4 - -2). Suppose -2*u + y = -77. What is the greatest common divisor of 6 and u?
6
Let s = 6 - -4. Calculate the greatest common divisor of s and 10.
10
Suppose 0 = -f + 4, s = -3*s - 2*f + 32. Suppose -3 = 3*p + 4*b + 11, 5*p - 5*b = 0. Let q be 9*(0 + p - -8). Calculate the highest common factor of q and s.
6
Let i(f) = 14*f + 1. Let l be i(1). Suppose -2*z - 2*b + 92 = -b, 0 = 3*z - 2*b - 131. What is the highest common factor of l and z?
15
Let n(z) = -z**3 + 9*z**2 - 9*z + 11. Let i be n(8). What is the greatest common factor of i and 6?
3
Suppose 138 = 5*a - 2. Let y be (-8)/a + (-368)/(-14). Calculate the highest common divisor of 26 and y.
26
Let l = -57 + 145. Let c = 40 + -27. Let n = c + -2. Calculate the greatest common factor of l and n.
11
Let d(b) = -b. Let x be d(-8). What is the greatest common divisor of 8 and x?
8
Let r(s) = s**2 - 2*s - 8. Let n be r(6). Calculate the highest common divisor of 24 and n.
8
Let t(i) = -10*i + 72. Let f(r) = -4*r + 29. Let p(u) = 12*f(u) - 5*t(u). Let s be p(8). Calculate the highest common factor of s and 20.
4
Let l be (4 - 686/(-8)) + (-4)/(-16). Calculate the greatest common divisor of l and 18.
18
Suppose 297 - 5 = 2*m. Suppose 5*i = 2*a + 438, -a - 29 = -2*i + m. Let c be (8/(-5))/(2/(-10)). Calculate the highest common divisor of c and i.
8
Let q(t) = 7*t + 1. Let a be q(-1). Let u be (8/5)/(a/(-15)). Let m = -15 - -35. Calculate the highest common divisor of u and m.
4
Let v be (4 + -4)/(1/1). Suppose -4*f + 1 + 7 = v. Suppose 0*p + p - 66 = -3*m, 0 = 4*p. What is the highest common factor of f and m?
2
Let w = -8 + 8. Let n be 4 - (w - 78/3). Calculate the greatest common divisor of 6 and n.
6
Suppose 3*b + 8 = -5*o, -2*o + 4*b = 10 + 14. Let u be ((-10)/(-4))/((-2)/o). Calculate the highest common factor of u and 45.
5
Let u be (-1 + 1)/(-3 - -2). Suppose u*r + 96 = 2*r. Let z = r + -24. Calculate the highest common divisor of 12 and z.
12
Let l = 77 - 44. Calculate the highest common factor of 22 and l.
11
Let j = -91 + 2. Let z = 10 - j. Let u(v) = v**2 + v - 33. Let w be u(-7). Calculate the highest common divisor of w and z.
9
Let f = 29 + -21. What is the greatest common divisor of 10 and f?
2
Let l = 1 - -14. Let d be ((-1)/3)/((-1)/l). Let i(j) = 35*j**3. Let z be i(1). What is the greatest common factor of d and z?
5
Let k = 68 - 23. Calculate the highest common factor of k and 15.
15
Suppose 34 - 2 = 4*t. Calculate the highest common divisor of 24 and t.
8
Suppose 5 = j + 4. Calculate the highest common factor of j and 8.
1
Suppose 0 = 2*z - 2, 3*t - 65 = 5*z + 20. Calculate the highest common divisor of 10 and t.
10
Let d = -516 - -2764. Let w be d/28 - (-6)/(-21). What is the highest common factor of w and 16?
16
Suppose -x - 2*z - 3 = -19, 3*x + 2*z - 28 = 0. Suppose 10 = 4*f - x. Let l be (f/(-6))/((-8)/84). What is the greatest common divisor of 49 and l?
7
Let d be (11/(-3))/((-4)/24). Suppose -3*g - d = -a, 15 = a - 2*g - 4. What is the highest common divisor of 91 and a?
13
Let w(h) = -h - 10. Let t(q) = -q**3 - 5*q**2 + 4. Let m be t(-3). Let y be w(m). What is the greatest common factor of y and 44?
4
Let u be (-424)/(-52) - (-2)/(-13). Suppose 4*h = u*h - 1012. Calculate the highest common factor of h and 23.
23
Let r be 229/1*-1 + -1. Suppose -v - 151 = -0*v + 5*c, -4*v - 529 = 5*c. Let k = v - r. What is the greatest common divisor of 13 and k?
13
Suppose 8*d + 965 = 2477. What is the greatest common divisor of 21 and d?
21
Let c be 3 + 6 + (2 - 6). Calculate the highest common factor of c and 5.
5
Suppose 0 = -0*m - 5*m + 25. Suppose m*x = 2*l - 214, 0 = -l + 6*l - 3*x - 554. Calculate the greatest common divisor of 14 and l.
14
Let m be (-116)/638 + (0 - (-180)/22). Let r = 4 + -2. Let s = r - 1. Calculate the greatest common divisor of m and s.
1
Let h(g) = -8*g + 34. Let x be h(4). What is the greatest common divisor of x and 18?
2
Let o be 129/3 + (-2)/(-2). Suppose -j + o = 3*j. Let q = 106 - 62. What is the greatest common factor of q and j?
11
Let c = 47 + -15. Suppose x = -3*x. Let d = c + x. What is the highest common factor of 48 and d?
16
Suppose 4*x - 242 = 5*w, 4 = w + w. What is the highest common divisor of 9 and x?
9
Suppose 9*b + b - 1890 = 0. Calculate the highest common divisor of 21 and b.
21
Let o be 4*5*1/2. Suppose -2*k + 2*j - 16 = 0, -2*j = -2*k - 4*j - 16. Let a be (-2 - 26/k)*8. What is the greatest common factor of a and o?
10
Let b be (28/16)/(2/16). Let m = -5 + b. What is the greatest common divisor of m and 9?
9
Su